 + 4. Suppose -3*w - 15 = -0*w. Let u be k(w). Suppose 0 = -0*g + 4*g - u. List the prime factors of g.
2, 3
Suppose -3*y = -8*y. Let d = y + 10. List the prime factors of d.
2, 5
Let z(s) = s**2 - 2*s + 7. Let y be (-7 + -2)*(-3 + 2). Let o = y - 4. What are the prime factors of z(o)?
2, 11
Let v = 8 + -5. What are the prime factors of (180/8)/v*2?
3, 5
Suppose 0 = -3*b + 6*b - 72. Suppose 0 = -3*h + 8 + 10. Suppose -4*u - b = -h*u. What are the prime factors of u?
2, 3
List the prime factors of (-8)/6*(-8 + (-10)/(-5)).
2
Let d be 0 - -1 - 3*-2. Suppose -3*g = -m + 14, -2*m - 4*g - 5 - d = 0. Suppose -m*z = -1 - 3. What are the prime factors of z?
2
Let c be 3 + 0 + -1 - 1. Let h be c/3 - 22/(-6). Suppose -5*u + 38 = 2*l - h*l, -u + 2 = l. List the prime factors of u.
2, 3
Let o(u) = u**3 + 5*u**2 + 3*u - 1. Let m be 10/(-25) - 4/(-10). Suppose m = 3*y - 1 + 13. List the prime factors of o(y).
3
List the prime factors of (-3)/(-6) + 92/8.
2, 3
Let b = 280 + -163. List the prime factors of b.
3, 13
Suppose 250 = 5*l - 5*i, -l + 13 = 2*i - 37. Let s = l + -36. List the prime factors of s.
2, 7
Suppose 46*b = 44*b + 536. List the prime factors of b.
2, 67
Let l = 2 + 3. Suppose 3*d - 12 = l*d. What are the prime factors of d/(-15) - (-23)/5?
5
Let c(y) be the first derivative of 3*y**2/2 + 4*y + 2. Let h be c(-4). List the prime factors of (-4)/h + (-38)/(-4).
2, 5
Suppose 5*q + 915 = 5*t, -4 = q - 0. What are the prime factors of t?
179
Let u = -7 - -10. Suppose -2*n = u*c - 60, 5*n - 35 - 38 = -4*c. What are the prime factors of c?
2, 11
Let p(o) be the second derivative of o**4/12 - o**3/2 - 5*o. List the prime factors of p(-4).
2, 7
Suppose -3*w + 142 = -w. What are the prime factors of w?
71
Suppose 0*j - 3*j = -h + 71, 0 = -5*j. List the prime factors of h.
71
Let a(p) = 8 + 0*p - 3 + p. Let d = 22 + -15. List the prime factors of a(d).
2, 3
Let v(q) = -q + 7. List the prime factors of v(3).
2
Suppose 3*v - 206 = 4*r, -3*r - 100 = -4*v + 184. List the prime factors of v.
2, 37
Suppose -3*g + 14 + 1 = 0. List the prime factors of g.
5
Let a be (10/(-4) + 3)*10. Suppose -a*k - 13 = -2*j + 43, -121 = -5*j + 3*k. List the prime factors of j.
23
Suppose 0 = -4*d + d + 15. Suppose -d*o - 95 = -3*g, -o + 2*o + 155 = 4*g. List the prime factors of g.
2, 5
Suppose 2*d - 6*d = -224. Suppose -2*f + 42 = -5*y - 18, -3*y = -2*f + d. Suppose -5*w - 25 = -h - 2*w, w = 2*h - f. What are the prime factors of h?
2, 5
Suppose 22 = 2*v + 4*g, 4*v + 2*g - 13 = 13. Suppose 0 = v*s - 32 - 23. List the prime factors of s.
11
Let z = -175 - -385. What are the prime factors of z?
2, 3, 5, 7
Let r = 11 + -8. List the prime factors of r.
3
Let j be 1 - 0 - (-1)/1. Suppose -2*c = -3*t + 2 + 24, -j*c + 10 = 0. Let f = 17 - t. What are the prime factors of f?
5
Let j = 6 - 5. Suppose 0*n - 2*o - 18 = -4*n, 3*o = -n + j. List the prime factors of n.
2
Suppose 0 = -5*o + 10 + 365. What are the prime factors of o?
3, 5
Let j = 15 - 15. Suppose j*y - 79 = -3*y + 4*z, -z = 2*y - 60. List the prime factors of y.
29
Let q = 2 - 3. Let h(w) = 9*w**2 - 2*w - 1. Let m be h(q). Let k = -6 + m. What are the prime factors of k?
2
Let j(q) = -5*q**2 - 4 + 2*q**2 - 6*q + 5*q**2. List the prime factors of j(5).
2
Let k(l) = 4*l**2 - 2*l - 2. What are the prime factors of k(3)?
2, 7
Suppose 0 - 8 = -2*r. Suppose 2 - 26 = -r*l. What are the prime factors of l?
2, 3
Let f(x) be the second derivative of -3/10*x**5 + 1/12*x**4 + 1/2*x**2 + 0 - 2*x + 1/6*x**3. List the prime factors of f(-1).
7
Let o be (-1)/(((-8)/292)/2). Suppose -s = 3*n - 90, -s + 6*s = -2*n + o. List the prime factors of n.
29
Suppose 4*m - 2*a = 0, -6*m + m + 5*a = 10. Let b be (5 + m)*(-2)/(-2). Let j = b + -4. What are the prime factors of j?
3
Let s = 3 - 4. What are the prime factors of 13 - (3/(-3))/s?
2, 3
Let k(s) = -5*s - 14. Let b be 12/(-2) + 4 + -4. List the prime factors of k(b).
2
Let m be (-5)/(-20) - 15/(-4). Suppose -2*b = 2*n + m - 8, 2 = -2*n - 5*b. Suppose n*z - 50 = -2*d, -4*z - 4*d = -3*d - 53. What are the prime factors of z?
2, 7
Let s(l) = -3 + 5 - 2 + l. Let x(a) = -9*a - 2. Let v(n) = 6*s(n) + x(n). What are the prime factors of v(-3)?
7
Suppose 0 = 4*f + 20, 2*l - 6 = 2*f + 6. Suppose -3*a - l = j, 0*a - 4 = 4*a + 4*j. Let d = 7 + a. What are the prime factors of d?
7
Suppose -5*f + 211 = -174. What are the prime factors of f?
7, 11
Let v(j) = -j**2 - j - 6. Let z be v(-5). Let m = z + 36. What are the prime factors of m?
2, 5
Let t be 6/(-2)*(-8)/(-6). List the prime factors of (30/t)/(1/(-2)).
3, 5
Suppose -9*l + 40 = -8*l. What are the prime factors of l?
2, 5
Let t(l) = 11*l**2 - 22*l + 6. What are the prime factors of t(4)?
2, 47
Let c = -135 + 195. What are the prime factors of c?
2, 3, 5
Let m(g) be the second derivative of -2*g - 1/2*g**2 + 0 + 0*g**3 - 1/12*g**4 - 1/10*g**5. List the prime factors of m(-2).
11
Suppose -49 = a + 2*w + 2*w, -3*w = -3*a - 117. What are the prime factors of -3 + (-2 - -1 - a)?
37
Let m(j) be the third derivative of j**6/40 - j**5/30 + 5*j**2. What are the prime factors of m(2)?
2
Let b be ((-4)/6)/(1/(-18)). Let o be 5*(b/(-5) + 2). Let k = o - -12. List the prime factors of k.
2, 5
Suppose 3*g + u = 7*g + 3, 0 = -5*g - u + 3. Let x = g + 4. List the prime factors of x.
2
Let x(t) = -7*t**3 - 13*t**2 - 6*t - 8. Let a(p) = -6*p**3 - 12*p**2 - 6*p - 8. Let b(l) = -6*a(l) + 5*x(l). List the prime factors of b(-5).
2, 7
Suppose h + 0*z - 31 = z, 0 = 5*h + 3*z - 115. Let g = h - 1. What are the prime factors of g?
5
Let l(w) = -w**2 + 20. List the prime factors of l(0).
2, 5
Let p = -4 + 6. Let n = p + 11. What are the prime factors of n?
13
Let r(v) = -4*v**2 - 6*v - 2. Let u(c) = c**3. Let z(x) = -r(x) - u(x). List the prime factors of z(5).
7
Suppose 0 = -3*b + n + 12 + 7, b + 11 = -4*n. Suppose 0 = 2*f - f - b. Let k(s) = -s**2 + 6*s + 3. List the prime factors of k(f).
2
Suppose -b - 3*z = 5, -4*b + 2*b + 4*z = 10. Let r be (0 - 8/(-5))*b. Let a = r + 13. What are the prime factors of a?
5
Suppose 0 = -5*p + j + 48, j - 14 = -p - j. List the prime factors of 1*((p - 3) + 0).
7
Suppose -2*p - 1 = -7. Suppose x + 90 = p*x. Suppose 7*o - 2*o - x = 0. What are the prime factors of o?
3
Suppose 0 = 4*m - 2*r - 0*r + 16, -3*r = 2*m + 16. Let o(v) = -4*v - 6. What are the prime factors of o(m)?
2, 7
Suppose -4*h = -k + 12, 2*k - 20 = 4*h + 3*k. Let s(q) = -q - 2. Let j be s(h). Suppose -j*f = -f - 11. List the prime factors of f.
11
Suppose -22*a = -17*a - 355. Let r = a - 44. What are the prime factors of r?
3
Let p = -1 - -1. Suppose -4*l + 0*h + h + 44 = 0, 0 = -5*l - 4*h + 76. Suppose -3*t - l = -p*t, -2*t = -2*u + 20. What are the prime factors of u?
2, 3
Suppose -m = m - 202. Let r = 149 - m. Suppose -f - 3*f = -r. List the prime factors of f.
2, 3
Let x(b) = b**2 + 4*b - 6. Let j be x(-5). Let n be (1*-13)/(j + 2). What are the prime factors of ((-3)/(-3))/((-1)/n)?
13
Let a = 4 - -3. Let i = 5 - a. List the prime factors of 12 + 6 + -2 + i.
2, 7
Let u = 7 - -37. What are the prime factors of u?
2, 11
Suppose 4*u = 0, -4*a + 350 = a - 2*u. Let h = -41 + a. What are the prime factors of h?
29
Suppose 0 = 5*l - 2*o - 3*o - 55, -o - 5 = 0. What are the prime factors of ((-10)/l + 2)*27?
3
Suppose 4*c - 19 = z, c - 2 = -4*z - 27. Let g(t) = -t**2 - 8*t - 4. Let a be g(z). Suppose 3*y - 4*y + a = 0. List the prime factors of y.
3
Let c = 6 - -4. List the prime factors of (-3 + c/4)*-36.
2, 3
Let l = 11 - 6. List the prime factors of l.
5
Let m(f) = -3*f + 6. List the prime factors of m(-5).
3, 7
Suppose 14 = i + 5*j, 3*j - 22 = -3*i + 44. Suppose -4*z = -7*z + i. What are the prime factors of z?
2
Suppose t - 8 = -2*p, -11 = -2*t + 3*p + 5. Let v = 34 - t. What are the prime factors of v?
2, 13
Suppose 2*z + 3*x - 42 = 0, 0 = 5*z - 9*z + 4*x + 124. What are the prime factors of z?
3
Suppose 4*f + 0*d - 68 = d, -f + 3*d + 17 = 0. Suppose -3 = 4*u - 7, 0 = -2*c + u + f. What are the prime factors of c?
3
Let j(c) = 7*c - 13. Suppose 3*f - 5*p = -2, -4*p - p + 20 = 0. List the prime factors of j(f).
29
Suppose -11*s = -696 - 965. What are the prime factors of s?
151
Let r(z) = 1 + 9*z**2 - 2*z**2 + 2*z**2. What are the prime factors of r(-1)?
2, 5
Suppose 